111111101
In base 3, what is -202 - -21222011?
21221102
In base 14, what is -109 - 162b?
-1736
In base 13, what is 5 - -1c5c1?
1c5c6
In base 11, what is 38415 - 13?
38402
In base 15, what is -221 - 9a?
-2bb
In base 6, what is 12 + 5020?
5032
In base 6, what is -30433 - 454?
-31331
In base 15, what is 3 - 1648?
-1645
In base 12, what is 561a6 - -3?
561a9
In base 4, what is -23332 + 0?
-23332
In base 2, what is -10010100011010110 + 100?
-10010100011010010
In base 11, what is -6 - -541a9?
541a3
In base 11, what is 19114a - -1a?
191169
In base 10, what is -7419 + -158?
-7577
In base 3, what is -202021 + -20010?
-222101
In base 9, what is 7 + -138?
-131
In base 13, what is 18 - -6491c?
64937
In base 7, what is -14 - -250126?
250112
In base 14, what is -2a + 16ac3?
16a97
In base 13, what is -5 + 1364?
135c
In base 7, what is -2021406 + -20?
-2021426
In base 14, what is -22231 + -18?
-22249
In base 4, what is 12302303230 + 2?
12302303232
In base 8, what is 20025 + -20?
20005
In base 12, what is -36624 - -4?
-36620
In base 14, what is -14 - 4ccc?
-4d02
In base 7, what is 1 - 5024?
-5023
In base 5, what is 0 + -312030100?
-312030100
In base 2, what is 1 - 11000010011?
-11000010010
In base 10, what is 1 + -80801?
-80800
In base 16, what is 756e7 + 5?
756ec
In base 8, what is 12040 + 23?
12063
In base 3, what is -10021202 - 11210?
-10110112
In base 6, what is 3201 - -3551?
11152
In base 10, what is -149 + 106?
-43
In base 5, what is -420212 - 14?
-420231
In base 3, what is 20222 - -11122?
102121
In base 5, what is -1013021 - 14?
-1013040
In base 11, what is 15 + 100aa8?
101012
In base 8, what is 71 + 752?
1043
In base 15, what is 2347 - 1b0?
2187
In base 15, what is -1568 + 47?
-1521
In base 10, what is -5577 - -1?
-5576
In base 4, what is 300330 + -12331?
221333
In base 4, what is -221332 - -2130?
-213202
In base 3, what is -100 - 210001?
-210101
In base 5, what is 410423 - 2?
410421
In base 16, what is 167d - -3?
1680
In base 12, what is -1b155 - 5?
-1b15a
In base 5, what is -10 + -1232022?
-1232032
In base 4, what is -1 - 223120310?
-223120311
In base 10, what is -1109 - 327?
-1436
In base 13, what is 4898c + 5?
48994
In base 5, what is 4440 + 1012?
11002
In base 9, what is 4106287 + 1?
4106288
In base 8, what is 32 + -2241?
-2207
In base 6, what is -5 - 253341?
-253350
In base 11, what is 28 + -a6563?
-a6536
In base 4, what is -32331302 + -2?
-32331310
In base 10, what is -1689 - -15?
-1674
In base 7, what is 4 - -4413?
4420
In base 8, what is 6375637 - -4?
6375643
In base 13, what is 2309 + -2?
2307
In base 11, what is 25 + 5?
2a
In base 16, what is 4 - -521fe?
52202
In base 2, what is -10011000 - -11100000111111?
11011110100111
In base 10, what is -1393 - 12?
-1405
In base 2, what is -1001 - -1110101110001?
1110101101000
In base 7, what is -4646 + -60?
-5036
In base 10, what is 153 + 752?
905
In base 13, what is 56 - -569?
5c2
In base 10, what is -3065 - 1662?
-4727
In base 16, what is -f + -297f?
-298e
In base 2, what is -10001101 - 1100101110001?
-1100111111110
In base 11, what is -20 - -859?
839
In base 2, what is -111110 + 110110011111?
110101100001
In base 14, what is -2 - -2ba1?
2b9d
In base 2, what is 111011000 - 1010?
111001110
In base 10, what is -67730 + 8?
-67722
In base 5, what is 1 - 2004333?
-2004332
In base 5, what is -1144 + 20021?
13322
In base 14, what is 4 - 473?
-46d
In base 13, what is 497a + -1?
4979
In base 10, what is 2274 - 582?
1692
In base 3, what is -1212002112002 + 12?
-1212002111220
In base 5, what is -3343040 - -4?
-3343031
In base 15, what is -369a - -4?
-3696
In base 14, what is -302 + 10c?
-1d4
In base 11, what is 2a4399a + 1?
2a439a0
In base 2, what is -1101101 + 101?
-1101000
In base 4, what is -122110 - -20301?
-101203
In base 16, what is 1551 - -7d?
15ce
In base 15, what is 43 - 2ea?
-2a7
In base 13, what is 2167 - -5?
216c
In base 4, what is 1 + 310222?
310223
In base 12, what is 1 - 785543?
-785542
In base 10, what is 399 - -55?
454
In base 13, what is -313c - -33?
-3109
In base 3, what is 2120221100 + 1111?
2120222211
In base 4, what is 3 - -111110030?
111110033
In base 13, what is -1 - -c451?
c450
In base 3, what is 102 - 201111121?
-201111012
In base 6, what is 24 + -143?
-115
In base 6, what is -23501 - -1121?
-22340
In base 7, what is -61 + 21160?
21066
In base 16, what is -3 - d87e?
-d881
In base 2, what is 100000 + -110110001011011?
-110110000111011
In base 7, what is 352600 - 31?
352536
In base 8, what is -4534 + -11?
-4545
In base 16, what is f - -1944?
1953
In base 9, what is 32571 + 102?
32673
In base 14, what is -a - 325a2?
-325ac
In base 15, what is -a - -227c5?
227ba
In base 4, what is -1 - 213003300?
-213003301
In base 15, what is 8 + 79e3?
79eb
In base 4, what is -33 + 10231?
10132
In base 2, what is 1110110 - -11011110001001?
11011111111111
In base 6, what is 0 - -22253421?
22253421
In base 5, what is 210423031 - 0?
210423031
In base 7, what is 2 + -105062?
-105060
In base 9, what is -3 - -86182?
86178
In base 7, what is -41341 - 0?
-41341
In base 8, what is -15457 + -32?
-15511
In base 11, what is -77853 - 3?
-77856
In base 13, what is b6 - c2?
-9
In base 6, what is 5 - -202523?
202532
In base 8, what is -4160 + 1?
-4157
In base 10, what is 123 + 644?
767
In base 12, what is 271a + -5a?
2680
In base 13, what is -1 + 38b881?
38b880
In base 15, what is 2 + 2e8?
2ea
In base 2, what is 100000100011101011010011 - -1?
100000100011101011010100
In base 6, what is 211501 - 15?
211442
In base 2, what is 1111 + 10101011000111?
10101011010110
In base 10, what is -1748 - -5?
-1743
In base 12, what is 1272 - -4?
1276
In base 7, what is -12462 - -115?
-12344
In base 6, what is 142 + 203340?
203522
In base 12, what is -2742a + 4a?
-273a0
In base 14, what is -d7ab + 4?
-d7a7
In base 2, what is -111000111101010110 + 101?
-111000111101010001
In base 13, what is -7 - 1649c?
-164a6
In base 8, what is 2 + -273027?
-273025
In base 7, what is -10 - 1104350?
-1104360
In base 2, what is 1000000000101 - -10011111?
1000010100100
In base 7, what is 150560 - -16?
150606
In base 16, what is f6 - -8e?
184
In base 11, what is 213 - a2?
121
In base 11, what is 1 + -32480?
-3247a
In base 13, what is -1c2c + 4?
-1c28
In base 6, what is 2505344 - -4?
2505352
In base 16, what is 51d1 + -a?
51c7
In base 11, what is 7a3 - 16?
788
In base 16, what is -d667 - -3?
-d664
In base 8, what is 132502 - -1?
132503
In base 16, what is -166 + -44?
-1aa
In base 10, what is 69 + 36240?
36309
In base 12, what is -4 - -225ab?
225a7
In base 12, what is 2b9a3 + -4?
2b99b
In base 14, what is -4 - -9ad95?
9ad91
In base 11, what is -174132 - 8?
-17413a
In base 3, what is -22002202 + 12?
-22002120
In base 8, what is 7 - -77350?
77357
In base 9, what is -4420143 - 5?
-4420148
In base 14, what is -433 - 7a6?
-bd9
In base 8, what is -3 + -51103?
-51106
In base 15, what is -e0154 + -3?
-e0157
In base 12, what is 170b75 - 2?
170b73
In base 9, what is 25 + 27?
53
In base 2, what is 1 + 1111001010001?
1111001010010
In base 14, what is -3016b1 + -3?
-3016b4
In base 2, what is -1111110100011101100 - -100?
-1111110100011101000
In base 8, what is 403 - 243?
140
In base 9, what is 407 + 14487?
15005
In base 14, what is 21 - 808?
-7c7
In base 8, what is -2362523 + -1?
-2362524
In base 5, what is -223 + -432203?
-432431
In base 5, what is -1040412 - 4?
-1040421
In base 5, what is -11030 + 24?
-11001
In base 5, what is 10 - 12311224?
-12311214
In base 14, what is 13795 - 0?
13795
In base 10, what is 4 + 3315?
3319
In base 11, what is 3 - -145a2?
145a5
In base 7, what is -12415 - -3426?
-5656
In base 14, what is 0 - -5c87?
5c87
In base 5, what is 1 + -21423123?
-21423122
In base 9, what is 1 - -20787?
20788
In base 6, what is 403 - -545?
1352
In base 8, what is -12 - 31443?
-31455
In base 8, what is -402 - -36?
-344
In base 16, what is -747 + 3e3?
-364
In base 16, what is -7 + -5fd?
-604
In base 9, what is 4370 + -4?
4365
In base 6, what is -33304 + 511?
-32353
In base 10, what is 73 + -512?
-439
In base 11, what is 0 + -2aa4?
-2aa4
In base 7, what is -1452331 + 2?
-1452326
In base 9, what is 2151560 + -4?
2151555
In base 11, what is -25099 - 6?
-250a4
In base 7, what is 3 - -24316?
24322
In base 14, what is -961 - 27?
-988
In base 16, what is -9 + 249fa?
249f1
